e 5*o + 185 = 3*i, 3*i = -2*o - 18 - 35. Suppose 0 = -4*k + 272 + 12. Let y = o + k. Is y a composite number?
False
Is 2 + -1 + 3 + 199 composite?
True
Let r be (10 - 3) + (-1)/1. Suppose l = 5*j + 3, -r*j + j + 9 = 3*l. Suppose j = b + 2*h - 41, h = 3*b - 2*h - 159. Is b a prime number?
False
Suppose 4*z = 38 + 38. Suppose 5*p = -2*w + z + 60, 38 = w + 4*p. Is 1/((-1)/w*-3) prime?
False
Let j be (-3)/(4/((-32)/6)). Let a be (-1038)/7 - j/(-14). Let l = 15 - a. Is l composite?
False
Suppose 0 = j - 310 - 489. Is j a composite number?
True
Suppose 0 = w - 4*w. Let n(j) = -j**2 - j + 225. Let u be n(w). Suppose -4*k + 7 = -u. Is k prime?
False
Let w(z) = -5*z - 10*z + 22 - 10*z + 4*z. Is w(-9) a prime number?
True
Let x = 10 + -6. Suppose 111 = -l + x*l. Is l a composite number?
False
Suppose -9*r = -5810 - 6223. Is r prime?
False
Suppose 3*a + 24 = 291. Suppose 5*p + 14 = a. Is p prime?
False
Let g(x) = x**3 - 7*x**2 - 9*x - 1. Let c be g(10). Let i be (-343)/(2 + -2 - 1). Suppose i = 4*m + 2*f + 71, -f = -3*m + c. Is m a prime number?
False
Is 5/(-20) + 2610/8 a composite number?
True
Let c(h) = h**3 - 4*h**2 + 2*h. Let s be c(3). Let p be ((-313)/s)/(1/(-3)). Let d = -224 - p. Is d a composite number?
False
Let c = -8 - -12. Suppose -c*b = -90 + 6. Is b composite?
True
Is ((-16)/(-8))/((-4)/(-1114)) a prime number?
True
Is (-1039)/3*(-2 - (6 - 5)) a prime number?
True
Suppose 4*s + 12 = -8. Let z = s + 4. Is 57 + -2*z/2 composite?
True
Let l(w) = 14*w**2 - 3*w - 1. Is l(-6) prime?
True
Suppose -2*l + 2*b = 2*l - 444, -5*b = -4*l + 432. Suppose -3*m - 2*u = -l, m - 4*m = 5*u - 107. Is m prime?
False
Is (-2)/(-3) + (-938)/(-6) prime?
True
Suppose -3661 = -4*y - 5*x + 2*x, 2*x - 6 = 0. Is y a composite number?
True
Suppose -4*r + 4636 = 2*d, -2*r = 2*d + 369 - 2691. Is r composite?
True
Suppose 5*x = -m - 57, -5*m - 115 = -4*x + 25. Let a = 163 + m. Is a a composite number?
False
Suppose -218 = -5*y - 5*w + 1912, -3*y - w + 1288 = 0. Is y composite?
False
Let p(g) = g**2 - 5*g. Let c be p(4). Let s = c - -10. Is 33 + 4 + s/(-2) prime?
False
Suppose 2*g + 4*s - 726 = 0, 3*s - 1129 = -3*g + 7*s. Is g a prime number?
False
Let a = -38 + 25. Let u(b) = -2*b**2 - 2*b + 1. Let r(f) = -4*f**2 - 4*f + 2. Let x(m) = a*u(m) + 6*r(m). Is x(-5) composite?
True
Let l = -230 + 133. Suppose -88 - 432 = 2*g. Let i = l - g. Is i prime?
True
Is 1 - (-1 - (111 + 0)) composite?
False
Suppose 1 = -3*a + 16. Is a - 3 - 161*-1 composite?
False
Let x(m) = 25*m**2 + 2*m + 1. Is x(-2) prime?
True
Let h(r) = 2*r**2 - 1. Let u be h(1). Is (126 + 2 + -1)*u a composite number?
False
Suppose -5*o + 9 = -6. Suppose 0 = o*s + 2*s - 15. Is 6/(-4)*(-6)/s a prime number?
True
Suppose -2*a + a = 0, -4*a = 2*b - 662. Is b prime?
True
Let j = -1 + 0. Let g = 2 - j. Is -2*g/6 + 14 a composite number?
False
Let z = 8 - 2. Is z a composite number?
True
Suppose 0 = 2*s - 2*a + 8, 0*s - 5*a + 21 = -4*s. Is s/(-1)*-17 + -2 composite?
True
Suppose 0 = -4*m + 178 + 182. Let y = 20 - m. Let t = y + 117. Is t a composite number?
False
Is (-28516)/(-6) - 5/3 composite?
False
Let z = 104 + -67. Is z composite?
False
Let i = -1422 - -872. Let r = 851 + i. Is r a composite number?
True
Let s(a) = 2*a - 2. Let d be s(0). Is d + -1 + (-2674)/(-7) prime?
True
Suppose 6*b - 4*c = b + 23, -2*c = b + 1. Suppose i - 5*f = 4*i - 117, -3*i = -b*f - 117. Is i prime?
False
Suppose -4*d + d + 12 = 0. Is (-306)/(-8) + (-1)/d a composite number?
True
Suppose -g = 2 - 3. Let y be (-1 + -2)/(-3) + g. Suppose y*l = -r + 322, -6*r = -2*r. Is l composite?
True
Suppose 7*d = 11*d - 2692. Is d prime?
True
Let o(p) = -4*p**2 + 5*p - 3. Let u be o(-4). Let c = u - -172. Is c a composite number?
True
Suppose 5*g + 5 = 4*v, -3*v - 27 = -4*g - 6*v. Suppose g*n + 2638 = 5*n. Is n a composite number?
False
Suppose 91 - 911 = -4*c. Is c composite?
True
Suppose 2*b + 8 = -2*b. Let n be 0*(14/(-6) - b). Suppose t - f - 41 = -n*f, -4*t = 3*f - 136. Is t prime?
True
Is 124 - (-2)/2*(1 - -2) a composite number?
False
Let j(u) = 41*u - 2. Let h be j(4). Suppose 5*p = h + 953. Is p prime?
True
Suppose -4*n = -2*k + 1 - 227, -174 = -3*n - 3*k. Is n a composite number?
True
Let f(g) = 3*g + 15. Suppose 2*p - 36 = 5*o - 2*o, 0 = o + 4. Is f(p) a composite number?
True
Suppose 0 = -s + 2*b + 3*b - 7, -5*s + 21 = 3*b. Suppose w - 48 = -s*w. Suppose -2*c = -32 + w. Is c composite?
True
Let r = 109 + -83. Is r composite?
True
Let y = -32 + 20. Let j(b) = 4 - 4*b - 3 - 16. Is j(y) a prime number?
False
Is (9 - -5)/((16/596)/2) composite?
True
Let z(c) be the first derivative of 78*c**3 - c**2 + c + 1. Suppose 6*v = -4*d + 4*v + 2, 5*d + 2*v - 3 = 0. Is z(d) composite?
False
Suppose 0 = 2*v + w - 7, 0*w = -v + 3*w + 14. Suppose -5*d - 5*y - 11 = 19, -14 = d + v*y. Is (-4)/6*78/d a composite number?
False
Suppose 1 = -4*s + 21. Suppose 4*x - 112 = -2*v, -x + s*v - 150 = -6*x. Is x composite?
True
Let z be (-38)/(-5) + 12/30. Suppose 2*x - 1 = q - 0*x, 0 = -4*q - 4*x + z. Is (q/(-2))/(3/(-978)) a prime number?
True
Let y = -1115 - -1800. Is y prime?
False
Suppose -s - 12 = -5*s - 4*c, 0 = 2*c. Suppose 2*w = s*n + 122, -5*n = 4 - 24. Is w prime?
True
Suppose 2*g + i = 219, 5*g - 518 - 2 = 3*i. Suppose -3*z - 2*t + 86 + g = 0, 0 = -2*z - t + 130. Is z a prime number?
True
Suppose -3*z + 10 = -5*z, -4*u - 2*z = -1186. Is u composite?
True
Suppose -d - 242 = -3*d. Suppose c - 2*b = -b + 51, -3*c - 5*b = -d. Is c a prime number?
True
Let s = -44 - -11. Let t = 64 + s. Is t a composite number?
False
Let n(q) = q**3 - 3*q**2 + 3*q. Let i be n(2). Suppose i*m - 2*y = 4, -2*m = y - 5*y - 8. Suppose -k - k + 42 = m. Is k prime?
False
Suppose -7*f + 11*f - 8 = 0. Suppose -o + f*o - 89 = 0. Is o composite?
False
Let k = -258 - -419. Is k composite?
True
Let l(i) = 1392*i - 5. Is l(2) prime?
False
Let h(p) be the second derivative of -p**3/2 + 2*p. Let f be h(-1). Suppose 4*y + x = 4*x + 355, y = -f*x + 100. Is y prime?
False
Let d = 1101 + 1528. Is d a composite number?
True
Let m be (10/4)/((-2)/(-4)). Let k(v) = 10*v**2 + 7*v + 2. Is k(m) composite?
True
Let b(v) = -101*v**3 - 3*v**2 + 4*v + 23. Is b(-4) prime?
False
Let c(h) = -40*h - 1. Is c(-3) composite?
True
Let d(a) = 3*a**2 - 5*a - 5. Let s be d(-6). Suppose s = v - 0*v. Is v a prime number?
False
Suppose 0 = 4*m - 2226 + 582. Is m a composite number?
True
Let p = 327 - -392. Is p prime?
True
Let c(u) = -32*u**3 - u**2 + u + 1. Let p be (-22)/18 + (-4)/(-18). Is c(p) a prime number?
True
Suppose 0 = 4*o + 33 - 509. Is o prime?
False
Let x(k) = k**3 - 6*k**2 + 5. Let z be x(6). Suppose z*q - 10 = 5. Suppose 3*i - q*r - 77 = 166, 5*i - 381 = -r. Is i composite?
True
Suppose 5*d + 34 = -6. Let j(n) = -n - 6. Let i be j(d). Suppose -i*g + g = -39. Is g a composite number?
True
Let x(q) = -18*q + 5. Let j(a) = a**2 - 10*a + 10. Let k be j(8). Is x(k) a composite number?
False
Let b = -5 + 10. Suppose 5*a - 4*f = 38, -b*f = -4*a - a + 35. Is a a composite number?
True
Let m(y) = y**2 - 9*y + 12. Let z be m(8). Suppose 4*c - k - 5 = 0, z*k + 11 + 9 = 0. Suppose c*x + 46 = x + 3*t, x + t - 48 = 0. Is x prime?
False
Let z(o) = 2*o**2 + 14*o - 5. Let i(f) = -f**3 - 8*f**2 - 6*f - 5. Let n be i(-7). Is z(n) a composite number?
True
Let y be (-7 - -6) + 2/1. Is (4 + -2 + 35)/y prime?
True
Suppose -3*r = -2*g - 45 + 140, -2*g - 3*r + 125 = 0. Is g a composite number?
True
Let t(l) = l**2 + 12*l + 4. Let s be t(-12). Suppose 5*g = 5*k + 360, 0 = 4*g - k + s*k - 253. Is g composite?
False
Suppose -2*r - 2 = 0, -2*o - 3*r = -4*o + 4537. Is o composite?
False
Let v(y) = y**3 - 4*y**2 - 6*y + 7. Let z be v(5). Suppose d + 0*d = z. Is 21 + (2 - d) + 0 a prime number?
False
Let y be 4/3*(-2025)/(-2). Let m = -2614 + y. Is ((-1)/(-2))/((-8)/m) a prime number?
True
Let b(d) = -d**2 + 4*d - 3. Let z be b(2). Let h(r) = -3*r**3 - 2*r + 1. Let x be h(z). Let u(s) = s**3 + 10*s**2 + s - 3. Is u(x) a composite number?
False
Let p(o) = -10*o**2 - o + 7. Let x(s) = -11*s**2 + 6. Let w(f) = 3*p(f) - 4*x(f). Let h(q) = 2*q + 4. Let r be h(-3). Is w(r) a composite number?
False
Let w(z) = -z - 3. Let r(a) = -a - 3. Let y(d) = -5*r(d) + 4*w(d). Let n be y(4). Suppose b - 4 = n. Is b a composite number?
False
Let h = 103 + -